86*u - 113032. Determine o(-24).
8
Let y(r) = -1006*r - 183137. Calculate y(-182).
-45
Let o(i) = -7*i**2 + 162*i + 41036. What is o(89)?
7
Let x(t) = -386*t - 232367. Give x(-602).
5
Let y(i) = -9358*i + 112268. Determine y(12).
-28
Let f(w) = w**3 - 12*w**2 - 1056*w + 83. Calculate f(39).
-34
Let y(h) = -22*h**2 - 20027*h + 60168. Calculate y(3).
-111
Let o(t) = -212*t - 20785. Determine o(-105).
1475
Let t(m) = -190*m + 8728. Determine t(46).
-12
Let h(i) = 4*i**3 - 75*i**2 + 425*i - 1012. What is h(10)?
-262
Let d(y) = 128*y**2 - 752*y - 99. Determine d(6).
-3
Let u(q) = -4361*q - 21781. Calculate u(-5).
24
Let i(w) = 3552*w + 39031. Give i(-11).
-41
Let f(p) = p**2 - 211*p + 9927. Calculate f(97).
-1131
Let g(v) = 77*v + 3590. Calculate g(-54).
-568
Let h(v) = -422*v**2 - 3400*v - 215. Determine h(-8).
-23
Let x(w) = 8*w**3 + 3082*w**2 + 769*w - 192. Determine x(-385).
193
Let d(r) = 307*r**2 - 12895*r + 47. Determine d(42).
5
Let v(b) = -2*b**3 - 19*b**2 + 10*b - 85. Determine v(-10).
-85
Let h(x) = 3*x**3 + 23*x**2 - 19*x - 39. Give h(-8).
49
Let r(m) = 166*m**2 - 5768*m + 14590. Give r(32).
-2
Let o(v) = -v**3 + 27*v**2 - 119*v + 198. What is o(22)?
0
Let d(h) = -6*h**2 + 4624*h + 27672. Determine d(-6).
-288
Let n(u) = 19579*u - 116767. Give n(6).
707
Let x(p) = 6*p**3 - 78*p**2 + 29*p - 407. What is x(13)?
-30
Let z(x) = x**2 + 3695*x + 132192. Determine z(-36).
468
Let o(l) = l**3 - 94*l**2 - 496*l + 84. Determine o(99).
-15
Let d(v) = 12*v**3 + 104*v**2 + 4800*v + 43521. Give d(-9).
-3
Let z(q) = 336*q**2 + 1387*q + 19. Determine z(-4).
-153
Let o(c) = c**2 - 83*c + 156. Give o(79).
-160
Let a(i) = 45*i**2 - 9089*i + 9037. Give a(1).
-7
Let y(m) = -52805*m - 1478575. Determine y(-28).
-35
Let a(b) = b**2 - 138*b + 4620. Calculate a(82).
28
Let k(i) = -4*i**2 - 1185*i - 69681. What is k(-215)?
194
Let g(b) = b**3 - 1858*b**2 - 18681*b + 24. What is g(-10)?
34
Let p(t) = 4*t**3 + 134*t**2 + 62*t - 92. Calculate p(-33).
40
Let y(n) = -6*n**3 - 3175*n**2 - 3702*n - 3239. Give y(-528).
-71
Let m(a) = -4*a**2 + 28266*a - 141252. What is m(5)?
-22
Let t(n) = -10*n**3 - 5750*n**2 - 294*n - 169057. What is t(-575)?
-7
Let n(s) = -846*s + 53302. What is n(63)?
4
Let s(w) = -w**3 + 20*w**2 + 140*w - 26. Determine s(-9).
1063
Let s(h) = h**3 + 15*h**2 - 7*h - 14. Give s(-19).
-1325
Let d(f) = -f**2 - 114*f - 2343. Determine d(-32).
281
Let v(r) = 4012*r + 248715. Calculate v(-62).
-29
Let s(m) = m**3 - 92*m**2 + 70*m + 1253. Determine s(91).
-658
Let u(w) = -5*w**3 + 3*w**2 - 183. Determine u(5).
-733
Let s(f) = -f**2 + 5097*f + 551508. Calculate s(-106).
-10
Let w(p) = -459*p + 7111. Determine w(15).
226
Let r(m) = m**3 + 141*m**2 - 1059*m - 69439. Determine r(-145).
16
Let y(a) = -15853*a + 253932. Determine y(16).
284
Let x(f) = -112*f + 3316. Calculate x(31).
-156
Let j(h) = 37163*h + 24824889. What is j(-668)?
5
Let a(x) = -135*x**2 + 372*x - 6. What is a(2)?
198
Let w(a) = 53467*a + 213871. Calculate w(-4).
3
Let f(y) = -97106*y + 582675. Give f(6).
39
Let j(z) = -25*z**2 - 1982*z - 3970. What is j(-2)?
-106
Let g(y) = 1487*y - 423804. Calculate g(285).
-9
Let y(d) = -114*d + 4976. What is y(53)?
-1066
Let u(b) = -3*b**3 + 241*b**2 - 543*b - 103. Give u(78).
131
Let p(x) = 796*x - 19105. What is p(24)?
-1
Let x(o) = -42*o**2 + 22*o + 133. Give x(-5).
-1027
Let h(m) = -80713*m + 322726. What is h(4)?
-126
Let i(f) = 3328*f - 519160. Determine i(156).
8
Let k(j) = 5*j**3 + j**2 + 285*j - 8. What is k(0)?
-8
Let f(s) = 37*s**2 + 420*s - 1651. Give f(3).
-58
Let p(w) = -5302*w - 68857. What is p(-13)?
69
Let y(j) = 713*j**2 + 18546*j - 30. What is y(-26)?
-238
Let c(m) = 256*m + 16895. Give c(-66).
-1
Let o(x) = -x**3 - 201*x - 30. Determine o(0).
-30
Let q(n) = -47*n**2 - 2752*n + 2758. Give q(-60).
-1322
Let i(z) = 650*z - 8455. Give i(13).
-5
Let s(p) = 63*p**2 + 774*p - 8510. Give s(7).
-5
Let k(o) = -3*o**3 - 8*o**2 + 155*o + 794. Give k(-8).
578
Let k(i) = i**3 - 1257*i**2 - 120*i + 150895. Give k(1257).
55
Let q(d) = -4129*d + 2840780. What is q(688)?
28
Let v(b) = -6*b**2 - 18*b + 127. Determine v(-9).
-197
Let k(l) = 20079*l + 6124093. Determine k(-305).
-2
Let d(o) = -o**3 - 592*o**2 - 7526*o + 75. What is d(-13)?
62
Let g(k) = -25664*k - 769957. Determine g(-30).
-37
Let c(d) = -550*d + 280532. What is c(510)?
32
Let a(i) = i**3 + 57*i**2 - 377*i - 718. What is a(-63)?
-781
Let o(x) = 130*x**2 + x - 81. What is o(4)?
2003
Let c(j) = 3*j**3 - 51*j**2 - 185*j - 94. Determine c(20).
-194
Let m(f) = -3*f**3 - 3216*f + 9687. Give m(3).
-42
Let b(i) = 83*i - 9215. What is b(100)?
-915
Let z(o) = 3291*o + 98742. Calculate z(-30).
12
Let d(z) = -30151*z - 8804095. Give d(-292).
-3
Let t(a) = a**3 + 433*a**2 + 3809*a + 16. What is t(-9)?
79
Let q(j) = 40*j**2 - 1084*j + 351. Calculate q(27).
243
Let l(h) = -89*h**2 - 5*h - 14. Give l(-1).
-98
Let k(n) = 17*n**2 + 540*n + 98. What is k(4)?
2530
Let u(h) = -405036*h + 12961157. Determine u(32).
5
Let u(q) = 486*q + 57234. Give u(-118).
-114
Let d(k) = 6*k**2 + 10*k - 961. Determine d(-14).
75
Let a(j) = -2*j**3 - 98*j**2 + 9*j - 358. Give a(-49).
-799
Let s(r) = -5813*r + 691673. What is s(119)?
-74
Let r(z) = -2*z**3 - 22*z**2 + 81*z + 285. Determine r(-13).
-92
Let k(w) = 5*w**3 + 182*w**2 + 457*w + 7469. Give k(-35).
49
Let b(v) = -v**3 + 94*v**2 - 217*v - 15. What is b(0)?
-15
Let d(p) = -510*p - 25371. Calculate d(-55).
2679
Let n(t) = -3*t**3 - 31*t**2 - 1530*t - 11775. Give n(-8).
17
Let b(r) = -80*r - 1557. What is b(-37)?
1403
Let v(k) = -4*k**2 + 939*k + 3. What is v(0)?
3
Let i(n) = 7*n**2 + 339*n + 329. Determine i(-48).
185
Let o(r) = -15*r**2 + 222*r + 1464. Calculate o(-5).
-21
Let m(x) = -54*x**2 + 133*x - 29. What is m(5)?
-714
Let d(v) = -v**3 + 35*v**2 - 276*v + 39. Give d(22).
259
Let q(v) = -107*v**2 + 1842*v - 402. Determine q(17).
-11
Let g(d) = 18603*d - 3255503. Give g(175).
22
Let i(z) = -335*z**2 + 2345*z - 61. Calculate i(7).
-61
Let h(y) = y**3 + 30*y**2 - 94*y - 4854. Give h(-27).
-129
Let m(t) = -33*t**3 + 400*t**2 - 53*t + 59. Calculate m(12).
-1
Let c(b) = -b**3 + 4660*b**2 - 1201766*b + 563. Give c(274).
15
Let w(m) = -7*m**2 + 126*m - 54. Determine w(19).
-187
Let b(v) = 725*v - 101589. Determine b(144).
2811
Let u(k) = -220*k**3 - k**2 - 2941*k - 2939. Give u(-1).
221
Let l(t) = -t**3 - 158*t**2 - 433*t + 4968. What is l(-155)?
8
Let q(n) = 319*n + 23944. Calculate q(-75).
19
Let n(m) = 2*m**3 + 33*m**2 + 95*m + 1852. Determine n(-17).
-52
Let k(n) = 11765*n + 23356. Calculate k(-2).
-174
Let b(h) = -7*h**3 + 745*h**2 + 424*h + 428. Determine b(107).
0
Let x(f) = 3968*f + 8173. What is x(-2)?
237
Let o(y) = -y**3 - 105*y**2 + 7531*y - 2282. Determine o(-154).
28
Let q(b) = 19*b**2 + 10474*b - 671414. Give q(58).
-6
Let x(d) = d**2 - 31*d + 226. Determine x(9).
28
Let a(p) = 23*p**2 - 84*p + 33. Give a(7).
572
Let a(u) = u**3 + 4*u**2 - 207*u - 181. Calculate a(13).
1
Let q(c) = -9429*c + 66033. What is q(7)?
30
Let c(u) = 2*u**3 + 168*u**2 + 1472*u - 57. Give c(-10).
23
Let m(d) = -320*d - 2074. Give m(-11).
1446
Let u(c) = -2699*c + 11940. What is u(5)?
-1555
Let l(m) = 22*m**2 - 6*m + 126. Calculate l(4).
454
Let w(l) = 2711*l + 86999. Determine w(-32).
247
Let l(z) = -814*z + 9781. Determine l(11).
827
Let r(n) = -n**3 - 92*n**2 + 5*n + 585. Determine r(-92).
125
Let v(q) = 2800*q + 249552. What is v(-89)?
352
Let b(z) = 3*z**2 + 36076*z + 144273. What is b(-4)?
17
Let b(n) = -n**3 - 11*n**2 + 91*n - 108. What is b(-18)?
522
Let k(g) = -15564*g**2 - 46712*g - 11. Determine k(-3).
49
Let s(t) = -1350*t + 128262. What is s(95)?
12
Let a(j) = -j**2 + 480*j - 56588. Determine a(272).
-12
Let q(l) = -271319*l + 5426399. Give q(20).
19
Let r(k) = 122*k**3 + 36598*k**2 - 602*k - 597. Determine r(-300).
3
Let y(k) = k**3 + 146*k**2 + 213*k + 9823. Determine y(-145).
-37
Let o(y) = y**2 - 1467*y - 37305. Calculate o(-25).
-5
Let p(q) = -385*q + 21544. Calculate p(44).
4604
Let f(w) = 8*w**2 - 3081*w + 3508. Determine f(384).
52
Let h(c) = 651*c + 84305. Calculate h(-130).
-325
Let o(f) = -684*f - 8302. What is o(-12)?
-94
Let o(c) = -554*c**2 + 2721*c + 250. Determine o(5).
5
Let c(g) = -g**3 + 34*g**2 + 497*g - 14260. Calculate c(37).
22
Let j(b) = -b**3 +